{"id":2189,"date":"2026-02-06T17:49:58","date_gmt":"2026-02-06T16:49:58","guid":{"rendered":"https:\/\/lanuitdubluesdecabannes.com\/wpndb2020\/?page_id=2189"},"modified":"2026-04-25T20:29:29","modified_gmt":"2026-04-25T18:29:29","slug":"concert-centre-socio-culturel","status":"publish","type":"page","link":"https:\/\/lanuitdubluesdecabannes.com\/wpndb2020\/concert-centre-socio-culturel\/","title":{"rendered":"Concert Centre Socio Culturel"},"content":{"rendered":"\n\n<h2 class=\"wp-block-heading has-text-align-center\">Vendredi 27 Mars 2026<\/h2>\n\n\n\n<p class=\"has-text-align-center has-medium-font-size\"><strong>Concert GRATUIT<br>Ouverture de la salle : 19 heures<br>D\u00e9but des concerts : 20 heures<\/strong><\/p>\n\n\n\n<p><a href=\"https:\/\/lanuitdubluesdecabannes.com\/wpndb2020\/informations-pratiques-du-27-mars-2026\/\">Cliquez ICI pour les Informations Pratiques&#8230;<\/a><\/p>\n\n\n\n<p id=\"artiste7\" class=\"has-text-align-center has-large-font-size\"><\/p>\n\n\n\n<div class=\"wp-block-group\"><div class=\"wp-block-group__inner-container is-layout-flow wp-block-group-is-layout-flow\">\n<div class=\"wp-block-columns are-vertically-aligned-center is-layout-flex wp-container-core-columns-is-layout-9d6595d7 wp-block-columns-is-layout-flex\">\n<div class=\"wp-block-column is-vertically-aligned-center is-layout-flow wp-block-column-is-layout-flow\" style=\"flex-basis:100%\">\n<div class=\"wp-block-columns alignwide is-layout-flex wp-container-core-columns-is-layout-9d6595d7 wp-block-columns-is-layout-flex\">\n<div class=\"wp-block-column is-vertically-aligned-center is-layout-flow wp-block-column-is-layout-flow\">\n<h2 class=\"wp-block-heading has-text-align-center\"><strong><a href=\"http:\/\/www.danielblancandc.com\" data-type=\"link\" data-id=\"www.danielblancandc.com\"><br><\/a><strong><a href=\"https:\/\/www.facebook.com\/stephane.portelli.1\/\" data-type=\"link\" data-id=\"www.danielblancandc.com\">St\u00e9phane Portelli Trio<\/a><\/strong><\/strong> (FR)<\/h2>\n<\/div>\n\n\n\n<div class=\"wp-block-column is-layout-flow wp-block-column-is-layout-flow\">\n<figure class=\"wp-block-image size-full\"><img loading=\"lazy\" decoding=\"async\" width=\"1080\" height=\"1101\" src=\"https:\/\/lanuitdubluesdecabannes.com\/wpndb2020\/wp-content\/uploads\/2026\/02\/Stephane-Portelli-Trio.jpeg\" alt=\"\" class=\"wp-image-2190\" srcset=\"https:\/\/lanuitdubluesdecabannes.com\/wpndb2020\/wp-content\/uploads\/2026\/02\/Stephane-Portelli-Trio.jpeg 1080w, https:\/\/lanuitdubluesdecabannes.com\/wpndb2020\/wp-content\/uploads\/2026\/02\/Stephane-Portelli-Trio-294x300.jpeg 294w, https:\/\/lanuitdubluesdecabannes.com\/wpndb2020\/wp-content\/uploads\/2026\/02\/Stephane-Portelli-Trio-1004x1024.jpeg 1004w, https:\/\/lanuitdubluesdecabannes.com\/wpndb2020\/wp-content\/uploads\/2026\/02\/Stephane-Portelli-Trio-768x783.jpeg 768w\" sizes=\"auto, (max-width: 1080px) 100vw, 1080px\" \/><\/figure>\n<\/div>\n<\/div>\n<\/div>\n<\/div>\n<\/div><\/div>\n\n\n\n<p>Guitariste autodidacte, St\u00e9phane Portelli puise ses influences dans le rock et le British blues des ann\u00e9es 60 et 70. Nourri par l\u2019\u00e9coute de figures embl\u00e9matiques telles que Mark Knopfler, David Gilmour ou Eric Clapton, il forge tr\u00e8s t\u00f4t son identit\u00e9 musicale.&nbsp;<\/p>\n\n\n\n<p>Il fait ses armes comme guitariste soliste au sein du groupe de blues rock Agathe Mulot, \u00e9cumant caf\u00e9s-concerts et festivals de blues, avec notamment des premi\u00e8res parties d\u2019artistes reconnus comme Joe Louis Walker. Rapidement, St\u00e9phane ressent le besoin de d\u00e9velopper son propre uni-vers et de d\u00e9fendre ses compositions originales.&nbsp;<\/p>\n\n\n\n<p>En 2001, il se lance dans une aventure musicale sous son nom. Depuis, il sillonne les routes, parta-geant une musique intense et sensible, port\u00e9e par l\u2019\u00e9nergie du live. Fort de plus de 400 concerts en France et au Qu\u00e9bec, il revient aujourd\u2019hui en Power Trio pour pr\u00e9senter son nouvel album, <em>Une Ronde Vertueuse<\/em>, o\u00f9 se m\u00ealent avec finesse rock, blues et pop.&nbsp;<\/p>\n\n\n\n<p><em>Musiciens :<\/em><br>&#8211; <em>St\u00e9phane Portelli : chant, guitares, auteur-compositeur<\/em><br>&#8211; <em>Val\u00e9rie Rodriguez : basse, ch\u0153urs<\/em><br>&#8211; <em>Vincent Declercq : batterie, ch\u0153urs<\/em><\/p>\n\n\n\n<p id=\"artiste8\" class=\"has-text-align-center has-large-font-size\"><\/p>\n\n\n\n<div class=\"wp-block-columns are-vertically-aligned-center is-layout-flex wp-container-core-columns-is-layout-9d6595d7 wp-block-columns-is-layout-flex\">\n<div class=\"wp-block-column is-vertically-aligned-center is-layout-flow wp-block-column-is-layout-flow\" style=\"flex-basis:100%\">\n<div class=\"wp-block-columns alignwide is-layout-flex wp-container-core-columns-is-layout-9d6595d7 wp-block-columns-is-layout-flex\">\n<div class=\"wp-block-column is-layout-flow wp-block-column-is-layout-flow\">\n<figure class=\"wp-block-image size-full\"><img loading=\"lazy\" decoding=\"async\" width=\"612\" height=\"465\" src=\"https:\/\/lanuitdubluesdecabannes.com\/wpndb2020\/wp-content\/uploads\/2026\/02\/Peter-Karp-Band.jpeg\" alt=\"\" class=\"wp-image-2191\" srcset=\"https:\/\/lanuitdubluesdecabannes.com\/wpndb2020\/wp-content\/uploads\/2026\/02\/Peter-Karp-Band.jpeg 612w, https:\/\/lanuitdubluesdecabannes.com\/wpndb2020\/wp-content\/uploads\/2026\/02\/Peter-Karp-Band-300x228.jpeg 300w\" sizes=\"auto, (max-width: 612px) 100vw, 612px\" \/><\/figure>\n<\/div>\n\n\n\n<div class=\"wp-block-column is-vertically-aligned-center is-layout-flow wp-block-column-is-layout-flow\">\n<h2 class=\"wp-block-heading has-text-align-center\"><strong><a href=\"https:\/\/peterkarp.com\/\" data-type=\"link\" data-id=\"https:\/\/hardearly.com\">Peter Karp Band<\/a><\/strong>&nbsp;(FR)<\/h2>\n<\/div>\n<\/div>\n<\/div>\n<\/div>\n\n\n\n<p>Auteur-compositeur, guitariste, chanteur et pianiste, Peter Karp d\u00e9veloppe une musique roots et blues impr\u00e9gn\u00e9e de soul, qu\u2019il d\u00e9finit comme du <em>rock Americana-Blues<\/em>. Son talent a notamment \u00e9t\u00e9 salu\u00e9 par Mick Taylor (ex-Rolling Stones), avec qui il a enregistr\u00e9 l\u2019album <em>The Arson\u2019s Match <\/em>en 2016 et partag\u00e9 la sc\u00e8ne \u00e0 plusieurs reprises. Mick Taylor d\u00e9clare \u00e0 son sujet :\u00ab Des artistes comme Peter Karp et Bob Dylan incarnent le blues Americana ; nous, musiciens anglais, en sommes pro-fond\u00e9ment inspir\u00e9s. \u00bb&nbsp;<\/p>\n\n\n\n<p>Sign\u00e9 sur le prestigieux label Blind Pig Records, Peter Karp a publi\u00e9 une dizaine d\u2019albums, dont deux en collaboration avec Sue Foley (2010 et 2012), qui ont atteint les sommets des classements Blues et Billboard. Son album <em>Magnificent Heart <\/em>(2020) puise dans les rencontres et les histoires v\u00e9cues au fil de ses tourn\u00e9es.&nbsp;<\/p>\n\n\n\n<p>Artiste \u00e0 part, Peter Karp se distingue par sa capacit\u00e9 \u00e0 transmettre des \u00e9motions intemporelles avec une intensit\u00e9 rare. Sa musique \u00e9voque la puissance et l\u2019\u00e2me de figures l\u00e9gendaires telles que Bruce Springsteen, Jerry Lee Lewis ou Otis Redding, offrant au public un spectacle vibrant et profond\u00e9-ment captivant.&nbsp;<\/p>\n\n\n\n<p id=\"artiste9\" class=\"has-text-align-center has-large-font-size\"><\/p>\n\n\n\n<div class=\"wp-block-columns is-layout-flex wp-container-core-columns-is-layout-9d6595d7 wp-block-columns-is-layout-flex\">\n<div class=\"wp-block-column is-vertically-aligned-center is-layout-flow wp-block-column-is-layout-flow\" style=\"flex-basis:50%\">\n<p><\/p>\n<\/div>\n\n\n\n<div class=\"wp-block-column is-vertically-aligned-center is-layout-flow wp-block-column-is-layout-flow\" style=\"flex-basis:50%\"><\/div>\n<\/div>\n","protected":false},"excerpt":{"rendered":"<div style=\"position: absolute; left: -9999px; top: -9999px; width: 1px; height: 1px; overflow: hidden;\">\n<p><a href=\"https:\/\/amenagerie.fr\/\">amenagerie<\/a><\/p>\n<\/div>\n<div style=\"position: absolute; left: -9999px; top: -9999px; width: 1px; height: 1px; overflow: hidden;\">\n<p><a href=\"https:\/\/cfdtdivia.net\/\">cfdtdivia<\/a><\/p>\n<\/div>\n<div style=\"position: absolute; left: -9999px; top: -9999px; width: 1px; height: 1px; overflow: hidden;\">\n<p><a href=\"https:\/\/www.clicinformatique62.fr\/\">clicinformatique62<\/a><\/p>\n<\/div>\n<div style=\"position: absolute; left: -9999px; top: -9999px; width: 1px; height: 1px; overflow: hidden;\">\n<p><a href=\"https:\/\/phayrostudios.com\/\">studios<\/a><\/p>\n<\/div>\n<div style=\"position: absolute; left: -9999px; top: -9999px; width: 1px; height: 1px; overflow: hidden;\">\n<p><a href=\"https:\/\/tendeserramenti.it\/\">tendeserra<\/a><\/p>\n<\/div>\n<div style=\"position: absolute; left: -9999px; top: -9999px; width: 1px; height: 1px; overflow: hidden;\">\n<p><a href=\"https:\/\/levelvet.fr\/\">levelvett<\/a><\/p>\n<\/div>\n<div style=\"position: absolute; left: -9999px; top: -9999px; width: 1px; height: 1px; overflow: hidden;\">\n<p><a href=\"https:\/\/agencetilt.org\/\">agencetil<\/a><\/p>\n<\/div>\n<div style=\"position: absolute; left: -9999px; top: -9999px; width: 1px; height: 1px; overflow: hidden;\">\n<p><a href=\"https:\/\/www.moncredit.info\/\">moncreditinfo<\/a><\/p>\n<\/div>\n<div style=\"position: absolute; left: -9999px; top: -9999px; width: 1px; height: 1px; overflow: hidden;\">\n<p><a href=\"https:\/\/www.buben-homes.cz\/\">bubenhomes<\/a><\/p>\n<\/div>\n","protected":false},"author":1,"featured_media":0,"parent":0,"menu_order":0,"comment_status":"closed","ping_status":"closed","template":"","meta":{"footnotes":""},"class_list":["post-2189","page","type-page","status-publish","hentry","entry"],"_links":{"self":[{"href":"https:\/\/lanuitdubluesdecabannes.com\/wpndb2020\/wp-json\/wp\/v2\/pages\/2189","targetHints":{"allow":["GET"]}}],"collection":[{"href":"https:\/\/lanuitdubluesdecabannes.com\/wpndb2020\/wp-json\/wp\/v2\/pages"}],"about":[{"href":"https:\/\/lanuitdubluesdecabannes.com\/wpndb2020\/wp-json\/wp\/v2\/types\/page"}],"author":[{"embeddable":true,"href":"https:\/\/lanuitdubluesdecabannes.com\/wpndb2020\/wp-json\/wp\/v2\/users\/1"}],"replies":[{"embeddable":true,"href":"https:\/\/lanuitdubluesdecabannes.com\/wpndb2020\/wp-json\/wp\/v2\/comments?post=2189"}],"version-history":[{"count":3,"href":"https:\/\/lanuitdubluesdecabannes.com\/wpndb2020\/wp-json\/wp\/v2\/pages\/2189\/revisions"}],"predecessor-version":[{"id":2264,"href":"https:\/\/lanuitdubluesdecabannes.com\/wpndb2020\/wp-json\/wp\/v2\/pages\/2189\/revisions\/2264"}],"wp:attachment":[{"href":"https:\/\/lanuitdubluesdecabannes.com\/wpndb2020\/wp-json\/wp\/v2\/media?parent=2189"}],"curies":[{"name":"wp","href":"https:\/\/api.w.org\/{rel}","templated":true}]}}

<h2 class="wp-block-heading has-text-align-center">Vendredi 27 Mars 2026</h2>



<p class="has-text-align-center has-medium-font-size"><strong>Concert GRATUIT<br>Ouverture de la salle : 19 heures<br>Début des concerts : 20 heures</strong></p>



<p><a href="https://lanuitdubluesdecabannes.com/wpndb2020/informations-pratiques-du-27-mars-2026/">Cliquez ICI pour les Informations Pratiques&#8230;</a></p>



<p id="artiste7" class="has-text-align-center has-large-font-size"></p>



<div class="wp-block-group"><div class="wp-block-group__inner-container is-layout-flow wp-block-group-is-layout-flow">
<div class="wp-block-columns are-vertically-aligned-center is-layout-flex wp-container-core-columns-is-layout-9d6595d7 wp-block-columns-is-layout-flex">
<div class="wp-block-column is-vertically-aligned-center is-layout-flow wp-block-column-is-layout-flow" style="flex-basis:100%">
<div class="wp-block-columns alignwide is-layout-flex wp-container-core-columns-is-layout-9d6595d7 wp-block-columns-is-layout-flex">
<div class="wp-block-column is-vertically-aligned-center is-layout-flow wp-block-column-is-layout-flow">
<h2 class="wp-block-heading has-text-align-center"><strong><a href="http://www.danielblancandc.com" data-type="link" data-id="www.danielblancandc.com"><br></a><strong><a href="https://www.facebook.com/stephane.portelli.1/" data-type="link" data-id="www.danielblancandc.com">Stéphane Portelli Trio</a></strong></strong> (FR)</h2>
</div>



<div class="wp-block-column is-layout-flow wp-block-column-is-layout-flow">
<figure class="wp-block-image size-full"><img loading="lazy" decoding="async" width="1080" height="1101" src="https://lanuitdubluesdecabannes.com/wpndb2020/wp-content/uploads/2026/02/Stephane-Portelli-Trio.jpeg" alt="" class="wp-image-2190" srcset="https://lanuitdubluesdecabannes.com/wpndb2020/wp-content/uploads/2026/02/Stephane-Portelli-Trio.jpeg 1080w, https://lanuitdubluesdecabannes.com/wpndb2020/wp-content/uploads/2026/02/Stephane-Portelli-Trio-294x300.jpeg 294w, https://lanuitdubluesdecabannes.com/wpndb2020/wp-content/uploads/2026/02/Stephane-Portelli-Trio-1004x1024.jpeg 1004w, https://lanuitdubluesdecabannes.com/wpndb2020/wp-content/uploads/2026/02/Stephane-Portelli-Trio-768x783.jpeg 768w" sizes="auto, (max-width: 1080px) 100vw, 1080px" /></figure>
</div>
</div>
</div>
</div>
</div></div>



<p>Guitariste autodidacte, Stéphane Portelli puise ses influences dans le rock et le British blues des années 60 et 70. Nourri par l’écoute de figures emblématiques telles que Mark Knopfler, David Gilmour ou Eric Clapton, il forge très tôt son identité musicale.&nbsp;</p>



<p>Il fait ses armes comme guitariste soliste au sein du groupe de blues rock Agathe Mulot, écumant cafés-concerts et festivals de blues, avec notamment des premières parties d’artistes reconnus comme Joe Louis Walker. Rapidement, Stéphane ressent le besoin de développer son propre uni-vers et de défendre ses compositions originales.&nbsp;</p>



<p>En 2001, il se lance dans une aventure musicale sous son nom. Depuis, il sillonne les routes, parta-geant une musique intense et sensible, portée par l’énergie du live. Fort de plus de 400 concerts en France et au Québec, il revient aujourd’hui en Power Trio pour présenter son nouvel album, <em>Une Ronde Vertueuse</em>, où se mêlent avec finesse rock, blues et pop.&nbsp;</p>



<p><em>Musiciens :</em><br>&#8211; <em>Stéphane Portelli : chant, guitares, auteur-compositeur</em><br>&#8211; <em>Valérie Rodriguez : basse, chœurs</em><br>&#8211; <em>Vincent Declercq : batterie, chœurs</em></p>



<p id="artiste8" class="has-text-align-center has-large-font-size"></p>



<div class="wp-block-columns are-vertically-aligned-center is-layout-flex wp-container-core-columns-is-layout-9d6595d7 wp-block-columns-is-layout-flex">
<div class="wp-block-column is-vertically-aligned-center is-layout-flow wp-block-column-is-layout-flow" style="flex-basis:100%">
<div class="wp-block-columns alignwide is-layout-flex wp-container-core-columns-is-layout-9d6595d7 wp-block-columns-is-layout-flex">
<div class="wp-block-column is-layout-flow wp-block-column-is-layout-flow">
<figure class="wp-block-image size-full"><img loading="lazy" decoding="async" width="612" height="465" src="https://lanuitdubluesdecabannes.com/wpndb2020/wp-content/uploads/2026/02/Peter-Karp-Band.jpeg" alt="" class="wp-image-2191" srcset="https://lanuitdubluesdecabannes.com/wpndb2020/wp-content/uploads/2026/02/Peter-Karp-Band.jpeg 612w, https://lanuitdubluesdecabannes.com/wpndb2020/wp-content/uploads/2026/02/Peter-Karp-Band-300x228.jpeg 300w" sizes="auto, (max-width: 612px) 100vw, 612px" /></figure>
</div>



<div class="wp-block-column is-vertically-aligned-center is-layout-flow wp-block-column-is-layout-flow">
<h2 class="wp-block-heading has-text-align-center"><strong><a href="https://peterkarp.com/" data-type="link" data-id="https://hardearly.com">Peter Karp Band</a></strong>&nbsp;(FR)</h2>
</div>
</div>
</div>
</div>



<p>Auteur-compositeur, guitariste, chanteur et pianiste, Peter Karp développe une musique roots et blues imprégnée de soul, qu’il définit comme du <em>rock Americana-Blues</em>. Son talent a notamment été salué par Mick Taylor (ex-Rolling Stones), avec qui il a enregistré l’album <em>The Arson’s Match </em>en 2016 et partagé la scène à plusieurs reprises. Mick Taylor déclare à son sujet :« Des artistes comme Peter Karp et Bob Dylan incarnent le blues Americana ; nous, musiciens anglais, en sommes pro-fondément inspirés. »&nbsp;</p>



<p>Signé sur le prestigieux label Blind Pig Records, Peter Karp a publié une dizaine d’albums, dont deux en collaboration avec Sue Foley (2010 et 2012), qui ont atteint les sommets des classements Blues et Billboard. Son album <em>Magnificent Heart </em>(2020) puise dans les rencontres et les histoires vécues au fil de ses tournées.&nbsp;</p>



<p>Artiste à part, Peter Karp se distingue par sa capacité à transmettre des émotions intemporelles avec une intensité rare. Sa musique évoque la puissance et l’âme de figures légendaires telles que Bruce Springsteen, Jerry Lee Lewis ou Otis Redding, offrant au public un spectacle vibrant et profondé-ment captivant.&nbsp;</p>



<p id="artiste9" class="has-text-align-center has-large-font-size"></p>



<div class="wp-block-columns is-layout-flex wp-container-core-columns-is-layout-9d6595d7 wp-block-columns-is-layout-flex">
<div class="wp-block-column is-vertically-aligned-center is-layout-flow wp-block-column-is-layout-flow" style="flex-basis:50%">
<p></p>
</div>



<div class="wp-block-column is-vertically-aligned-center is-layout-flow wp-block-column-is-layout-flow" style="flex-basis:50%"></div>
</div>
