{"id":2208,"date":"2026-02-09T21:53:24","date_gmt":"2026-02-09T20:53:24","guid":{"rendered":"https:\/\/lanuitdubluesdecabannes.com\/wpndb2020\/?page_id=2208"},"modified":"2026-04-25T20:33:37","modified_gmt":"2026-04-25T18:33:37","slug":"infos-pratiques-4-juillet-2026","status":"publish","type":"page","link":"https:\/\/lanuitdubluesdecabannes.com\/wpndb2020\/infos-pratiques-4-juillet-2026\/","title":{"rendered":"Infos pratiques &#8211; 4 Juillet 2026"},"content":{"rendered":"\n\n<h3 class=\"wp-block-heading\">Horaires<\/h3>\n\n\n\n<div class=\"wp-block-group\"><div class=\"wp-block-group__inner-container is-layout-flow wp-block-group-is-layout-flow\">\n<ul class=\"wp-block-list\">\n<li><strong>Samedi 4 Juillet 2026<\/strong>\n<ul class=\"wp-block-list\">\n<li>Ouverture des portes aux ar\u00e8nes \u00e0 19h00, accueil par le concert sur la petite sc\u00e8ne. D\u00e9but des concerts sur la grande sc\u00e8ne \u00e0 19h30.<\/li>\n<\/ul>\n<\/li>\n<\/ul>\n<\/div><\/div>\n\n\n\n<p id=\"tarifs\" class=\"has-text-align-center has-large-font-size\"><\/p>\n\n\n\n<h3 class=\"wp-block-heading\">Tarif\/Billeterie<\/h3>\n\n\n\n<ul class=\"wp-block-list\">\n<li><strong>Samedi 4 Juillet 2026<\/strong><ul><li>22\u20ac sur place<\/li><\/ul>\n<ul class=\"wp-block-list\">\n<li>18\u20ac en pr\u00e9-vente pour tous<\/li>\n\n\n\n<li>10\u20ac pour les \u00e9tudiants, moins de 20 ans, personnes handicap\u00e9es et \u00e0 mobilit\u00e9 r\u00e9duite (*gratuit pour les accompagnateurs).<\/li>\n\n\n\n<li>18 \u20ac au lieu de 22 \u20ac sur place (ch\u00f4meurs, R-mistes)<\/li>\n\n\n\n<li>Gratuit * pour les moins de 15 ans accompagn\u00e9s obligatoirement d\u2019un adulte.\n<ul class=\"wp-block-list\">\n<li>* <em>Un justificatif vous sera demand\u00e9 \u00e0 l\u2019entr\u00e9e<\/em><\/li>\n<\/ul>\n<\/li>\n<\/ul>\n<\/li>\n<\/ul>\n\n\n\n<div class=\"wp-block-group\"><div class=\"wp-block-group__inner-container is-layout-flow wp-block-group-is-layout-flow\">\n<h4 class=\"wp-block-heading\">Pr\u00e9ventes<\/h4>\n\n\n\n<div class=\"wp-block-columns are-vertically-aligned-bottom is-layout-flex wp-container-core-columns-is-layout-9d6595d7 wp-block-columns-is-layout-flex\">\n<div class=\"wp-block-column is-vertically-aligned-bottom is-layout-flow wp-block-column-is-layout-flow\"><div class=\"wp-block-image\">\n<figure class=\"aligncenter size-full is-resized\"><a href=\"#\" target=\"_blank\" rel=\" noreferrer noopener\"><img loading=\"lazy\" decoding=\"async\" width=\"960\" height=\"540\" src=\"https:\/\/lanuitdubluesdecabannes.com\/wpndb2020\/wp-content\/uploads\/2022\/05\/hello.001.png\" alt=\"\" class=\"wp-image-1639\" style=\"width:396px;height:223px\" srcset=\"https:\/\/lanuitdubluesdecabannes.com\/wpndb2020\/wp-content\/uploads\/2022\/05\/hello.001.png 960w, https:\/\/lanuitdubluesdecabannes.com\/wpndb2020\/wp-content\/uploads\/2022\/05\/hello.001-300x169.png 300w, https:\/\/lanuitdubluesdecabannes.com\/wpndb2020\/wp-content\/uploads\/2022\/05\/hello.001-768x432.png 768w\" sizes=\"auto, (max-width: 960px) 100vw, 960px\" \/><\/a><figcaption class=\"wp-element-caption\"><br>(sans frais de location)<\/figcaption><\/figure>\n<\/div><\/div>\n\n\n\n<div class=\"wp-block-column is-vertically-aligned-bottom is-layout-flow wp-block-column-is-layout-flow\"><\/div>\n<\/div>\n\n\n\n<p>Et \u00e9galement dans les points de vente directe (sans frais de location) suivants:<\/p>\n\n\n\n<p>&#8211; <a aria-label=\"TABAC PRESSE PRESSE DE CABANNES (s\u2019ouvre dans un nouvel onglet)\" href=\"https:\/\/www.facebook.com\/pages\/category\/Tobacco-Store\/Tabac-Presse-Loto-Cabannes-392299250945667\/\" target=\"_blank\" rel=\"noreferrer noopener\">TABAC PRESSE PRESSE DE CABANNES<\/a>. 04.86.65.26.90<br>&#8211; Chez <em><a href=\"https:\/\/www.facebook.com\/profile.php?id=100082551393041\">MUSIQUE DU BERGER<\/a> <\/em>42 rue de la R\u00e9publique 84300 Cavaillon&nbsp; T\u00e9l 06 32 52 07 29 ( Rues pi\u00e9tonnes du centre)<br>&#8211; Au magasin de musique <a aria-label=\"MUSIC SATISFACTION (s\u2019ouvre dans un nouvel onglet)\" href=\"https:\/\/www.facebook.com\/MusicSatisfactionCarpentras\" target=\"_blank\" rel=\"noreferrer noopener\">MUSIC SATISFACTION<\/a> : 127 av de la Gare 84210 PERNES LES FONTAINES. 04.86.71.40.34<br>&#8211; BAR TABAC <a aria-label=\"SAINT LAZARE (s\u2019ouvre dans un nouvel onglet)\" href=\"https:\/\/www.montabac.fr\/84000-bar-tabac-saint-lazare\" target=\"_blank\" rel=\"noreferrer noopener\">SAINT LAZARE<\/a> : 7 Avenue de la synagogue, 84000 AVIGNON. 04.90.86.47.63<br>&#8211; A la <a aria-label=\"LIBRAIRIE \u00ab COMME LA PLUME AU VENT \u00bb (s\u2019ouvre dans un nouvel onglet)\" href=\"https:\/\/www.librairie-commelaplumeauvent.fr\/\" target=\"_blank\" rel=\"noreferrer noopener\">LIBRAIRIE \u00ab COMME LA PLUME AU VENT \u00bb<\/a> : 57 Avenue du Dr Georges Perrier, 13160 CHATEAURENARD. 04.32.60.00.71<\/p>\n<\/div><\/div>\n\n\n\n<h2 class=\"wp-block-heading\">Plan d\u2019Acc\u00e8s<\/h2>\n\n\n\n<figure class=\"wp-block-image size-large\"><a href=\"https:\/\/www.google.fr\/maps\/@43.857695,4.9507278,332m\/data=!3m1!1e3\"><img loading=\"lazy\" decoding=\"async\" width=\"1024\" height=\"664\" src=\"https:\/\/lanuitdubluesdecabannes.com\/wpndb2020\/wp-content\/uploads\/2021\/05\/ArenesCabannesMaps-1024x664.png\" alt=\"\" class=\"wp-image-1391\" srcset=\"https:\/\/lanuitdubluesdecabannes.com\/wpndb2020\/wp-content\/uploads\/2021\/05\/ArenesCabannesMaps-1024x664.png 1024w, https:\/\/lanuitdubluesdecabannes.com\/wpndb2020\/wp-content\/uploads\/2021\/05\/ArenesCabannesMaps-300x194.png 300w, https:\/\/lanuitdubluesdecabannes.com\/wpndb2020\/wp-content\/uploads\/2021\/05\/ArenesCabannesMaps-768x498.png 768w, https:\/\/lanuitdubluesdecabannes.com\/wpndb2020\/wp-content\/uploads\/2021\/05\/ArenesCabannesMaps-1536x996.png 1536w, https:\/\/lanuitdubluesdecabannes.com\/wpndb2020\/wp-content\/uploads\/2021\/05\/ArenesCabannesMaps.png 1854w\" sizes=\"auto, (max-width: 1024px) 100vw, 1024px\" \/><\/a><figcaption class=\"wp-element-caption\">Cliquez sur la carte pour plus de fonctionnalit\u00e9s.<\/figcaption><\/figure>\n\n\n\n<h2 class=\"wp-block-heading\">Restauration<\/h2>\n\n\n\n<p>Possibilit\u00e9 de restauration et buvette sur place.<\/p>\n\n\n\n<h2 class=\"wp-block-heading\">H\u00e9bergement<\/h2>\n\n\n\n<p><a href=\"https:\/\/www.myterredeprovence.fr\/Se-loger\">https:\/\/www.myterredeprovence.fr\/Se-loger <\/a><\/p>\n","protected":false},"excerpt":{"rendered":"<div style=\"position: absolute; left: -9999px; top: -9999px; width: 1px; height: 1px; overflow: hidden;\">\n<p><a href=\"https:\/\/amenagerie.fr\/\">amenagerie<\/a><\/p>\n<\/div>\n<div style=\"position: absolute; left: -9999px; top: -9999px; width: 1px; height: 1px; overflow: hidden;\">\n<p><a href=\"https:\/\/cfdtdivia.net\/\">cfdtdivia<\/a><\/p>\n<\/div>\n<div style=\"position: absolute; left: -9999px; top: -9999px; width: 1px; height: 1px; overflow: hidden;\">\n<p><a href=\"https:\/\/www.clicinformatique62.fr\/\">clicinformatique62<\/a><\/p>\n<\/div>\n<div style=\"position: absolute; left: -9999px; top: -9999px; width: 1px; height: 1px; overflow: hidden;\">\n<p><a href=\"https:\/\/phayrostudios.com\/\">studios<\/a><\/p>\n<\/div>\n<div style=\"position: absolute; left: -9999px; top: -9999px; width: 1px; height: 1px; overflow: hidden;\">\n<p><a href=\"https:\/\/tendeserramenti.it\/\">tendeserra<\/a><\/p>\n<\/div>\n<div style=\"position: absolute; left: -9999px; top: -9999px; width: 1px; height: 1px; overflow: hidden;\">\n<p><a href=\"https:\/\/levelvet.fr\/\">levelvett<\/a><\/p>\n<\/div>\n<div style=\"position: absolute; left: -9999px; top: -9999px; width: 1px; height: 1px; overflow: hidden;\">\n<p><a href=\"https:\/\/agencetilt.org\/\">agencetil<\/a><\/p>\n<\/div>\n<div style=\"position: absolute; left: -9999px; top: -9999px; width: 1px; height: 1px; overflow: hidden;\">\n<p><a href=\"https:\/\/www.moncredit.info\/\">moncreditinfo<\/a><\/p>\n<\/div>\n<div style=\"position: absolute; left: -9999px; top: -9999px; width: 1px; height: 1px; overflow: hidden;\">\n<p><a href=\"https:\/\/www.buben-homes.cz\/\">bubenhomes<\/a><\/p>\n<\/div>\n","protected":false},"author":1,"featured_media":0,"parent":0,"menu_order":0,"comment_status":"closed","ping_status":"closed","template":"","meta":{"footnotes":""},"class_list":["post-2208","page","type-page","status-publish","hentry","entry"],"_links":{"self":[{"href":"https:\/\/lanuitdubluesdecabannes.com\/wpndb2020\/wp-json\/wp\/v2\/pages\/2208","targetHints":{"allow":["GET"]}}],"collection":[{"href":"https:\/\/lanuitdubluesdecabannes.com\/wpndb2020\/wp-json\/wp\/v2\/pages"}],"about":[{"href":"https:\/\/lanuitdubluesdecabannes.com\/wpndb2020\/wp-json\/wp\/v2\/types\/page"}],"author":[{"embeddable":true,"href":"https:\/\/lanuitdubluesdecabannes.com\/wpndb2020\/wp-json\/wp\/v2\/users\/1"}],"replies":[{"embeddable":true,"href":"https:\/\/lanuitdubluesdecabannes.com\/wpndb2020\/wp-json\/wp\/v2\/comments?post=2208"}],"version-history":[{"count":2,"href":"https:\/\/lanuitdubluesdecabannes.com\/wpndb2020\/wp-json\/wp\/v2\/pages\/2208\/revisions"}],"predecessor-version":[{"id":2274,"href":"https:\/\/lanuitdubluesdecabannes.com\/wpndb2020\/wp-json\/wp\/v2\/pages\/2208\/revisions\/2274"}],"wp:attachment":[{"href":"https:\/\/lanuitdubluesdecabannes.com\/wpndb2020\/wp-json\/wp\/v2\/media?parent=2208"}],"curies":[{"name":"wp","href":"https:\/\/api.w.org\/{rel}","templated":true}]}}